Evaluate (32 - -9) + -31 - (9 + 1).
0
What is the value of (-21 - 21 - (-5 + -7 + 6)) + -1?
-37
What is -1 + -6 - (-10 + 14 + -18 - -8)?
-1
Evaluate -26 - (-34 - (-54 + 32)).
-14
Evaluate -3 + 6 + (1 - (7 + -9)) + -7.
-1
What is -5 - (1 + (-3 - (-18 + 6) - 18))?
3
19 + -30 + 1 + 5 + 9
4
What is 22 - (-41 + 21 - -44)?
-2
Calculate -43 + (-11 - ((-3 - (2 - 0)) + -9)).
-40
Evaluate -3 + 2 + -2 - 6.
-9
21 + -34 + -2 + -8 + 12
-11
Evaluate 10 - -2 - (12 + (-4 - 7)).
11
Calculate 36 - (-20 - (-34 + -1)).
21
-1 - 1 - (-12 + (24 - 23) + 40)
-31
Calculate -2 + -2 + 1 + 9 - (33 + -32).
5
What is 5 + (-14 - 1) + 6 + (-6 - 0)?
-10
Evaluate (29 - 27) + 19 + -9 + 0.
12
Evaluate -7 + (-4 - -4 - -10).
3
Calculate (-10 - (3 + -6) - 0) + 24 + 0.
17
What is the value of (6 - 27) + 29 + -35 + (3 - 1)?
-25
Evaluate 2 + 7 - (-56 - -78).
-13
Evaluate (14 - (-4 - 5)) + 20 + -25.
18
What is 8 + (-5 - (-8 + -2)) + -21 + 4?
-4
What is 1 - (151 + -145 + (-1 - 2))?
-2
What is the value of -20 - ((18 - 75) + 17)?
20
Evaluate -8 + (-13 - (-14 + -19)).
12
-17 - (1 - 0) - (6 - (-5 + 2))
-27
Calculate -1 + 29 + 1 - (-74 - -54 - -29).
20
-10 - 2 - 8 - -11
-9
Calculate (-26 - -24) + (-17 - -12) + (2 - 0).
-5
What is the value of 5 + -8 + (-7 - 0) - (-19 + -21)?
30
What is 9 + 2 - (-3 - -9) - -2?
7
Calculate -8 - (-15 - 2) - 7 - -5.
7
What is the value of 8 - 1 - (-1316 - -1316)?
7
Calculate (2 - 17) + 350 + -328.
7
What is the value of (-30 - (4 + -27)) + -1 + -4 + 15?
3
Calculate 7 + -8 + -32 + 7 + -7.
-33
What is 12 - (8 + 14) - (6 + -16)?
0
Calculate (5 + 0 - 0) + 2 - (-4 + 4).
7
What is the value of -3 - -17 - (-7 - (1 - (-3 - -7)))?
18
Evaluate 12 + -2 + (209 - 227).
-8
Evaluate 36 + -16 + 1 + 11 + (-11 - 0).
21
What is -1 + -282 + 289 + -39 + 1 + 1?
-31
What is the value of 9 + (1 - 1) - (75 - (107 - 35))?
6
Calculate 6 - 11 - -12 - 5.
2
Calculate -2 + 1 - 19 - (144 - 152).
-12
Evaluate -5 + 16 - (-17 + -8 + 16) - 2.
18
Evaluate (67 - 54) + -1 + -19.
-7
What is the value of 4 - ((4 - 10) + 2 + (21 - 19))?
6
What is the value of 2 + -3 + -3 - (-74 - -78)?
-8
What is the value of (28 - (-7 + 2)) + (7 - 17 - -4)?
27
Calculate (18 - (16 + -1)) + -3 + 9 + 6.
15
Evaluate -58 - -81 - (0 + 28).
-5
Evaluate -7 + -2 - (-2 + -5 + 4).
-6
What is the value of 6 - (8 + -7) - 1 - 15 - 2?
-13
What is the value of (-10 - 2 - -4) + (1 - 4) + 4?
-7
Evaluate -11 - -3 - (24 + (-38 - -20)).
-14
-4 + (-13 - 1) + 2 - (-235 + 239)
-20
What is the value of 10 - ((-15 - (2 + -1)) + 14)?
12
What is the value of 10 - (11 + 4 - (18 + -22))?
-9
What is 1 - ((12 - 1) + (0 - 8))?
-2
Evaluate 4 + -1 + -17 + 1 + 20.
7
Evaluate 29 + -1 + -10 + (-7 - 0).
11
What is the value of 33 + (-51 - 3) + 0?
-21
1 - 11 - (68 + -71 + (-1 - 2))
-4
7 - (-5 + -11 - -18)
5
What is the value of (0 - -8) + (-12 - -16) + (3 - -1)?
16
Evaluate 0 + (29 + -15 - 15) + 3 + -2.
0
Calculate 7 - (8 - 9) - 8 - (-1 + -3).
4
Evaluate 0 + -2 + -3 - (4 + 2).
-11
Evaluate (4 - 4) + -3 - (51 + -53).
-1
What is the value of -10 + 9 + (23 - 21)?
1
What is the value of 52 - 2 - (2 + 42 + -30)?
36
6 + 0 + -1 + 4 - 0
9
Evaluate -5 + (-9 + 16 - -3).
5
What is the value of -14 + (-7 - ((-22 - -9) + 14))?
-22
Calculate 1 + -6 - (232 + -232).
-5
(-21 - (-38 + 21)) + 30 + -4 + 2
24
Evaluate 5 - 11 - -8 - (-1 - -4).
-1
What is 9 + -3 - (0 + 3 - -5)?
-2
-18 + -17 + -13 + 37
-11
7 + 3 + (7 - 8) - 8
1
Calculate 16 + (-13 - (-14 - -10)).
7
What is the value of -2 + -1 - ((-38 - -25) + 8)?
2
-4 - (4 - (-7 - (5 + -10)))
-10
-21 - (-10 + 9 + -3) - -6
-11
What is the value of 51 - 32 - (3 + -5)?
21
-17 - (-11 + (38 - 33))
-11
What is -6 + 10 + (8 - (-10 + 3 + -8))?
27
-107 + 67 - (-15 - -6)
-31
What is the value of (-18 - (-22 + 4)) + (10 - (4 + 0))?
6
(-3 - 11) + (-1 - (7 - 7) - -7)
-8
What is the value of (-26 + -9 - -15) + 34?
14
Calculate -2 + 13 + -11 - 12.
-12
What is the value of (-12 - 24) + 25 + -1?
-12
Evaluate -90 + 31 + 51 + -1 + -3.
-12
14 - (5 + -3) - (-10 + -19 + 19)
22
What is the value of -12 + (5 - 0) - (-20 - -9) - 0?
4
-63 + 69 + -15 + 1
-8
What is the value of -10 - (11 + -41 + 19)?
1
What is (-1 - 0) + (-2 - (1 + -2 - -2))?
-4
What is (183 - 187 - (0 - -7 - 2)) + -2?
-11
6 + -6 + -3 + (-6 - 7) + 0
-16
Calculate (7 - (0 + -1)) + (-2 - 2).
4
What is -4 - (-8 - -2) - (5 - 4)?
1
Evaluate (6 - -3) + -28 - (-11 + 16).
-24
26 + (0 - 0 - (-40 + -38 + 69))
35
What is the value of 3 + -7 + -84 + 90?
2
Calculate 0 - (11 - 13) - (4 + -4).
2
Evaluate 13 + -25 - ((-8 - 0) + -5).
1
Evaluate (3 - 6) + (5 - (18 - 19)).
3
What is -13 + -1 + -47 + 30 + 23?
-8
What is (-7 - -5 - 1) + -3 + (7 - -1)?
2
What is (-13 - (-1 + -4 + 7 - 6)) + -9?
-18
What is the value of -8 + 1 + -14 + 31?
10
What is the value of -69 + 89 + 5 + -5?
20
What is the value of 54 + -50 + (4 - (1 + -1 - -3))?
5
What is (9 - (2 - 3 - -18)) + -4?
-12
(34 - (10 - -9)) + -15
0
Evaluate -22 + 1 + (-1 - -21).
-1
(7 - 20) + -2 - (-2 + 0 + -1)
-12
What is the value of -3 + (2 - 2) - (-32 + 17 + 5)?
7
Evaluate (7 - 0) + -4 + -2 + (9 - -2).
12
38 - (-23 + 36) - 13
12
Calculate -27 + 0 + -1746 + 1781.
8
What is -33 - (6 + -10) - -53?
24
What is 6 - (6 + -17) - 17?
0
Evaluate -20 + 13 - (4 - (7 - 2) - 3).
-3
3 + 3 + -7 + -1 - 0 - -5
3
What is the value of -1 - (0 + 12 + -8 + -19)?
14
Calculate 100 + -104 - ((7 - 9) + -3).
1
Evaluate -13 + 4 + -5 - -11.
-3
Calculate (-18 - -35) + -9 + 0 + -20 + -8.
-20
5 + -21 + 5 + (-5 - (-1 - 3))
-12
What is the value of -1 + -13 - (158 + -165)?
-7
What is the value of -9 - (16 + 4 + -14)?
-15
Calculate 3 - (19 - 36) - 16.
4
Calculate 9 + 1 - (27 + -27 - -23 - -18).
-31
11 + (26 - 39) - 0
-2
8 + (22 - 40) + 1 + -4
-13
Evaluate -12 - (-36 + (-21 - -32)).
13
What is 3 - (10 - (-18 - -37))?
12
Calculate 1 - (14 - (33 - 14) - (-1 + -2)).
3
Evaluate (19 - 28) + (2 - 7 - -1).
-13
Calculate -6 + (14 - -1) + (-6 - (-7 - -17)).
-7
Calculate (-2 - (-1 + -4)) + (-155 - -141).
-11
Evaluate 25 + -18 + -30 + 40.
17
Calculate -23 + (7 - 2) + -39 + 40.
-17
What is 1 - (-2 + -13 - -5 - 2)?
13
What is the value of 27 + (-1 - 20) + -13?
-7
What is (-8 - (1 - 1)) + 14 + (11 - 3)?
14
8 - (-5 + -24 + 18)
19
Calculate 15 + -29 + -9 + 10.
-13
Calculate 10 + -20 + -3 + 2.
-11
Evaluate -9 - (-6 + (3 - -8 - -5) + -10).
-9
(3 - 1 - -9) + (-1706 - -1696)
1
What is (233 - 249 - ((1 - -1) + 0)) + 7?
-11
Evaluate 0 - 0 - ((-33 - -18) + 16) - 3.
-4
What is 26 - (37 + -14 + 7)?
-4
Calculate 828 + -828 + (14 - -1).
15
What is 2 + -7 + (-19 - (-18 - -3))?
-9
What is 3 - (19 - (27 - 16))?
-5
What is -24 + (-7 - (-15 + (5 + -4 - 1)))?
-16
Evaluate 13 + -21 + -35 + 20.
-23
What is the value of 8 + (12 - 12) + -14 - -25?
19
What is the value of 20 + -5 - (-1 + 0 + 11)?
5
Evaluate (4 - -14) + (2 - 41).
-21
What is the value of -11 + -11 + -2 + 13?
-11
11 + 19 + 127 + -172
-15
2 - ((1 - 6) + 7 - 10)
10
Evaluate 0 - (12 - 1 - (29 + -21)).
-3
What is 2 + 9 + -19 + 0 - (13 + -5)?
-16
What is (-4 - (-4 + -1)) + (-9 + 7 - -9)?
8
What is the value of 2 - (19 + 6) - -19?
-4
What is -1 + (-30 - -55) - 12?
12
What is the value of (46 - 21 - -1) + -24?
2
What is -37 + (-22 - (19 - 101))?
23
Evaluate (-27 - -13) + -24 + 24.
-14
What is -1 + 0 + 1 - (-3 - -41 - 53)?
15
Calculate (42 + -36 - (-3 - -5)) + -26.
-22
Calculate (1 - (1 + -5)) + -1 + (-107 - -102).
-1
What is -103 + 106 + (4 + -6 - 3)?
-2
Calculate (8 - 7) + 13 + -1 + 0.
13
Calculate -12 + (381 - 375) + (1 - (4 - 1)).
-8
Evaluate (34 + -50 - -18) + -19.
-17
Evaluate 17 + 3 - 13 - -11.
18
What is (-13 - ((13 - 12) + 1)) + -1 + -7?
-23
What is 40 - 16 - (7 - -2)?
15
(39 - 15) + -62 - -11
-27
What is the value of (-15 - -10) + 14 + 2 - 12?
-1
What is 13 + 0 - (37 + -23 + 13)?
-14
13 - (10 + -12 - (-1 - 2 - 0))
12
What is -20 + 0 + -3 - (-4 + 11 - 8)?
-22
Evaluate 3 - -7 - 11 - (-6 - 3).
8
105 + -72 + 31 + -30
34
What is the value of 1 + 27 + (19 + -18 - -5)?
34
What is the value of 6 + ((-4 - -8) + 9 - (6 - -3))?
10
5 + (2 - 1 - -1 - (-156 - -155))
8
What is (-8 + -1 - (-14 + -2 + 20)) + 1?
-12
Calculate -1 + 6 + (1 + 10 + -19 - -4).
1
Calculate -22 - -6 - (-101 + 100 - (0 - -6)).
-9
What is the value of 2 + 5 + 1 - (-27 - (-54 + 32))?
13
What is the value of (6 - -2) + -6 + (-7 - -14)?
9
What is the value of (-1 - 4 - (-5 - 8)) + 1 + 0?
9
What is the value